{"id":32,"date":"2023-01-06T17:42:03","date_gmt":"2023-01-06T16:42:03","guid":{"rendered":"http:\/\/vejezactiva.cl\/?page_id=110684"},"modified":"2025-03-18T12:57:36","modified_gmt":"2025-03-18T11:57:36","slug":"historia","status":"publish","type":"page","link":"https:\/\/vejezactiva.cl\/index.php\/historia\/","title":{"rendered":"Historia"},"content":{"rendered":"<p>[et_pb_section fb_built=\u00bb1&#8243; _builder_version=\u00bb4.27.4&#8243; _module_preset=\u00bbdefault\u00bb background_color=\u00bbrgba(0,0,0,0.62)\u00bb background_image=\u00bbhttp:\/\/vejezactiva.cl\/wp-content\/uploads\/2025\/03\/WhatsApp-Image-2025-03-18-at-08.17.45.jpeg\u00bb background_blend=\u00bbmultiply\u00bb custom_padding=\u00bb200px||200px||true|false\u00bb hover_enabled=\u00bb0&#8243; global_colors_info=\u00bb{}\u00bb title_text=\u00bbWhatsApp Image 2025-03-18 at 08.17.45&#8243; sticky_enabled=\u00bb0&#8243;][et_pb_row _builder_version=\u00bb4.19.4&#8243; _module_preset=\u00bbdefault\u00bb global_colors_info=\u00bb{}\u00bb][et_pb_column type=\u00bb4_4&#8243; _builder_version=\u00bb4.19.4&#8243; _module_preset=\u00bbdefault\u00bb global_colors_info=\u00bb{}\u00bb][et_pb_text _builder_version=\u00bb4.19.4&#8243; _module_preset=\u00bbdefault\u00bb text_font=\u00bbPoppins|700|||||||\u00bb text_text_color=\u00bb#f7b500&#8243; text_font_size=\u00bb55px\u00bb text_orientation=\u00bbright\u00bb global_colors_info=\u00bb{}\u00bb]<\/p>\n<p>Historia<\/p>\n<p>[\/et_pb_text][\/et_pb_column][\/et_pb_row][\/et_pb_section][et_pb_section fb_built=\u00bb1&#8243; _builder_version=\u00bb4.19.4&#8243; _module_preset=\u00bbdefault\u00bb custom_padding=\u00bb111px||123px|||\u00bb global_colors_info=\u00bb{}\u00bb][et_pb_row column_structure=\u00bb2_3,1_3&#8243; _builder_version=\u00bb4.19.4&#8243; _module_preset=\u00bbdefault\u00bb custom_padding=\u00bb||4px|||\u00bb global_colors_info=\u00bb{}\u00bb][et_pb_column type=\u00bb2_3&#8243; _builder_version=\u00bb4.19.4&#8243; _module_preset=\u00bbdefault\u00bb global_colors_info=\u00bb{}\u00bb][et_pb_text _builder_version=\u00bb4.19.4&#8243; _module_preset=\u00bbdefault\u00bb text_font=\u00bbPoppins|700|||||||\u00bb text_text_color=\u00bb#000000&#8243; text_font_size=\u00bb55px\u00bb global_colors_info=\u00bb{}\u00bb]<\/p>\n<p>Nuestra Historia<\/p>\n<p>[\/et_pb_text][et_pb_text _builder_version=\u00bb4.19.4&#8243; _module_preset=\u00bbdefault\u00bb text_font=\u00bbPoppins||||||||\u00bb text_text_color=\u00bb#000000&#8243; text_line_height=\u00bb1.8em\u00bb global_colors_info=\u00bb{}\u00bb]Vejez Activa Chile nace en redes sociales en marzo del a\u00f1o 2020 producto de la Pandemia por COVID-19 con el objetivo de brindar informaci\u00f3n \u00fatil y din\u00e1mica para la poblaci\u00f3n, sustentada en art\u00edculos y estudios cient\u00edficos. As\u00ed se crearon infograf\u00edas y videos informativos, los cuales se difundieron r\u00e1pidamente. Posteriormente se utiliz\u00f3 el espacio virtual para invitar a distintos profesionales del \u00e1rea gerontogeri\u00e1trica a conversar diversos temas relacionados al envejecimiento y las vejeces, as\u00ed como difundir eventos virtuales gratuitos. El a\u00f1o 2022 se convierte en una fundaci\u00f3n sin fines de lucro gracias a la conformaci\u00f3n del Directorio que hasta la actualidad se mantiene en sus funciones. Durante los \u00faltimos a\u00f1os, Fundaci\u00f3n Vejez Activa Chile ha participado en m\u00e1s de 40 eventos psicoeducativos orientados a la comunidad propiciando un envejecimiento saludable e inclusivo, as\u00ed como ha conformado distintas mesas de trabajo dedicadas a procesos sociopol\u00edticos nacionales y se ha vinculado con distintos medios escritos y radiales. Esperamos seguir fortaleciendo lazos, forjando proyectos y trabajando arduamente de forma interdisciplinaria e intergeneracional. [\/et_pb_text][\/et_pb_column][et_pb_column type=\u00bb1_3&#8243; _builder_version=\u00bb4.19.4&#8243; _module_preset=\u00bbdefault\u00bb global_colors_info=\u00bb{}\u00bb][et_pb_image src=\u00bbhttp:\/\/vejezactiva.cl\/wp-content\/uploads\/2025\/03\/1.jpg\u00bb title_text=\u00bb1&#8243; _builder_version=\u00bb4.27.4&#8243; _module_preset=\u00bbdefault\u00bb global_colors_info=\u00bb{}\u00bb][\/et_pb_image][\/et_pb_column][\/et_pb_row][\/et_pb_section]<\/p>\n","protected":false},"excerpt":{"rendered":"<p>HistoriaNuestra HistoriaVejez Activa Chile nace en redes sociales en marzo del a\u00f1o 2020 producto de la Pandemia por COVID-19 con el objetivo de brindar informaci\u00f3n \u00fatil y din\u00e1mica para la poblaci\u00f3n, sustentada en art\u00edculos y estudios cient\u00edficos. As\u00ed se crearon infograf\u00edas y videos informativos, los cuales se difundieron r\u00e1pidamente. Posteriormente se utiliz\u00f3 el espacio virtual [&hellip;]<\/p>\n","protected":false},"author":1,"featured_media":0,"parent":0,"menu_order":0,"comment_status":"closed","ping_status":"closed","template":"","meta":{"_et_pb_use_builder":"on","_et_pb_old_content":"<!-- wp:divi\/placeholder \/-->","_et_gb_content_width":"","inline_featured_image":false,"footnotes":""},"class_list":["post-32","page","type-page","status-publish","hentry"],"_links":{"self":[{"href":"https:\/\/vejezactiva.cl\/index.php\/wp-json\/wp\/v2\/pages\/32","targetHints":{"allow":["GET"]}}],"collection":[{"href":"https:\/\/vejezactiva.cl\/index.php\/wp-json\/wp\/v2\/pages"}],"about":[{"href":"https:\/\/vejezactiva.cl\/index.php\/wp-json\/wp\/v2\/types\/page"}],"author":[{"embeddable":true,"href":"https:\/\/vejezactiva.cl\/index.php\/wp-json\/wp\/v2\/users\/1"}],"replies":[{"embeddable":true,"href":"https:\/\/vejezactiva.cl\/index.php\/wp-json\/wp\/v2\/comments?post=32"}],"version-history":[{"count":2,"href":"https:\/\/vejezactiva.cl\/index.php\/wp-json\/wp\/v2\/pages\/32\/revisions"}],"predecessor-version":[{"id":156,"href":"https:\/\/vejezactiva.cl\/index.php\/wp-json\/wp\/v2\/pages\/32\/revisions\/156"}],"wp:attachment":[{"href":"https:\/\/vejezactiva.cl\/index.php\/wp-json\/wp\/v2\/media?parent=32"}],"curies":[{"name":"wp","href":"https:\/\/api.w.org\/{rel}","templated":true}]}}

<p>[et_pb_section fb_built=»1&#8243; _builder_version=»4.27.4&#8243; _module_preset=»default» background_color=»rgba(0,0,0,0.62)» background_image=»http://vejezactiva.cl/wp-content/uploads/2025/03/WhatsApp-Image-2025-03-18-at-08.17.45.jpeg» background_blend=»multiply» custom_padding=»200px||200px||true|false» hover_enabled=»0&#8243; global_colors_info=»{}» title_text=»WhatsApp Image 2025-03-18 at 08.17.45&#8243; sticky_enabled=»0&#8243;][et_pb_row _builder_version=»4.19.4&#8243; _module_preset=»default» global_colors_info=»{}»][et_pb_column type=»4_4&#8243; _builder_version=»4.19.4&#8243; _module_preset=»default» global_colors_info=»{}»][et_pb_text _builder_version=»4.19.4&#8243; _module_preset=»default» text_font=»Poppins|700|||||||» text_text_color=»#f7b500&#8243; text_font_size=»55px» text_orientation=»right» global_colors_info=»{}»]</p>
<p>Historia</p>
<p>[/et_pb_text][/et_pb_column][/et_pb_row][/et_pb_section][et_pb_section fb_built=»1&#8243; _builder_version=»4.19.4&#8243; _module_preset=»default» custom_padding=»111px||123px|||» global_colors_info=»{}»][et_pb_row column_structure=»2_3,1_3&#8243; _builder_version=»4.19.4&#8243; _module_preset=»default» custom_padding=»||4px|||» global_colors_info=»{}»][et_pb_column type=»2_3&#8243; _builder_version=»4.19.4&#8243; _module_preset=»default» global_colors_info=»{}»][et_pb_text _builder_version=»4.19.4&#8243; _module_preset=»default» text_font=»Poppins|700|||||||» text_text_color=»#000000&#8243; text_font_size=»55px» global_colors_info=»{}»]</p>
<p>Nuestra Historia</p>
<p>[/et_pb_text][et_pb_text _builder_version=»4.19.4&#8243; _module_preset=»default» text_font=»Poppins||||||||» text_text_color=»#000000&#8243; text_line_height=»1.8em» global_colors_info=»{}»]Vejez Activa Chile nace en redes sociales en marzo del año 2020 producto de la Pandemia por COVID-19 con el objetivo de brindar información útil y dinámica para la población, sustentada en artículos y estudios científicos. Así se crearon infografías y videos informativos, los cuales se difundieron rápidamente. Posteriormente se utilizó el espacio virtual para invitar a distintos profesionales del área gerontogeriátrica a conversar diversos temas relacionados al envejecimiento y las vejeces, así como difundir eventos virtuales gratuitos. El año 2022 se convierte en una fundación sin fines de lucro gracias a la conformación del Directorio que hasta la actualidad se mantiene en sus funciones. Durante los últimos años, Fundación Vejez Activa Chile ha participado en más de 40 eventos psicoeducativos orientados a la comunidad propiciando un envejecimiento saludable e inclusivo, así como ha conformado distintas mesas de trabajo dedicadas a procesos sociopolíticos nacionales y se ha vinculado con distintos medios escritos y radiales. Esperamos seguir fortaleciendo lazos, forjando proyectos y trabajando arduamente de forma interdisciplinaria e intergeneracional. [/et_pb_text][/et_pb_column][et_pb_column type=»1_3&#8243; _builder_version=»4.19.4&#8243; _module_preset=»default» global_colors_info=»{}»][et_pb_image src=»http://vejezactiva.cl/wp-content/uploads/2025/03/1.jpg» title_text=»1&#8243; _builder_version=»4.27.4&#8243; _module_preset=»default» global_colors_info=»{}»][/et_pb_image][/et_pb_column][/et_pb_row][/et_pb_section]</p>

<p>HistoriaNuestra HistoriaVejez Activa Chile nace en redes sociales en marzo del año 2020 producto de la Pandemia por COVID-19 con el objetivo de brindar información útil y dinámica para la población, sustentada en artículos y estudios científicos. Así se crearon infografías y videos informativos, los cuales se difundieron rápidamente. Posteriormente se utilizó el espacio virtual [&hellip;]</p>
